{"id":94,"date":"2020-11-14T17:30:45","date_gmt":"2020-11-14T17:30:45","guid":{"rendered":"https:\/\/immobilienankauf-muensterland.de\/?page_id=94"},"modified":"2023-10-13T20:04:25","modified_gmt":"2023-10-13T20:04:25","slug":"immobilienankauf-ueber-tippgeber","status":"publish","type":"page","link":"https:\/\/immobilienankauf-muensterland.de\/?page_id=94","title":{"rendered":"Ankauf \u00fcber Tippgeber"},"content":{"rendered":"\n<h2 class=\"wp-block-heading\">Sie haben von einem Mehrfamilienhaus geh\u00f6rt, dass zum Verkauf steht?<\/h2>\n\n\n\n<p>Sie m\u00f6chten aber nicht selbst investieren? Dann geben Sie uns gerne einen Hinweis!<\/p>\n\n\n\n<p>F\u00fcr jeden erfolgreichen Immobilien-Tipp, erhalten Sie eine Tippgeberprovision in H\u00f6he von 1 % vom Kaufpreis.<\/p>\n\n\n\n<p>Diese Provision zahlen wir Ihnen <strong>sofort &amp; in bar<\/strong> nach erfolgreicher Beurkundung des Kaufvertrags. <\/p>\n\n\n\n<figure class=\"wp-block-image aligncenter size-full is-resized is-style-rounded\"><img loading=\"lazy\" decoding=\"async\" width=\"427\" height=\"320\" src=\"https:\/\/immobilienankauf-muensterland.de\/wp-content\/uploads\/2022\/05\/Bildschirmfoto-2020-05-11-um-19.11.18.png\" alt=\"\" class=\"wp-image-415\" style=\"width:521px;height:390px\" srcset=\"https:\/\/immobilienankauf-muensterland.de\/wp-content\/uploads\/2022\/05\/Bildschirmfoto-2020-05-11-um-19.11.18.png 427w, https:\/\/immobilienankauf-muensterland.de\/wp-content\/uploads\/2022\/05\/Bildschirmfoto-2020-05-11-um-19.11.18-300x225.png 300w\" sizes=\"auto, (max-width: 427px) 100vw, 427px\" \/><\/figure>\n\n\n\n<h1 class=\"wp-block-heading\">Grunds\u00e4tzlich sind wir an folgenden Immobilien interessiert:<\/h1>\n\n\n\n<ul class=\"wp-block-list\">\n<li>Wir suchen Mehrfamilienh\u00e4user, Wohn- und Gesch\u00e4ftsh\u00e4user, Reihenh\u00e4user, Einfamilienh\u00e4user, Doppelhaush\u00e4lften, Grundst\u00fccke, Garagenparks, Parkplatzanlagen &amp; Immobilienpakete<\/li>\n\n\n\n<li>Optimal w\u00e4re ein Standort im M\u00fcnsterland, konkret in den Kreisen Borken, Coesfeld, M\u00fcnster und Steinfurt. Dar\u00fcber hinaus ist auch das Ruhrgebiet (besonders die Stadt Essen im Bereich s\u00fcdlich der A40), die Stadt Osnabr\u00fcck und der Gro\u00dfraum Wuppertal sehr interessant f\u00fcr uns<\/li>\n<\/ul>\n\n\n\n<ul class=\"wp-block-list\">\n<li>Wir kaufen nur Objekte auf einem Eigentumsgrundst\u00fcck<\/li>\n<\/ul>\n\n\n\n<h1 class=\"wp-block-heading\">Sie m\u00f6chten uns einen Hinweis f\u00fcr eine Immobilie geben? <\/h1>\n\n\n\n<p>Kontaktieren Sie uns gerne unverbindlich unter <strong>02867 \/ 2124010 <\/strong>oder schreiben uns eine Nachricht:<\/p>\n\n\n\n<div class=\"wp-block-contact-form-7-contact-form-selector\">\n<div class=\"wpcf7 no-js\" id=\"wpcf7-f90-o1\" lang=\"de-DE\" dir=\"ltr\" data-wpcf7-id=\"90\">\n<div class=\"screen-reader-response\"><p role=\"status\" aria-live=\"polite\" aria-atomic=\"true\"><\/p> <ul><\/ul><\/div>\n<form action=\"\/index.php?rest_route=%2Fwp%2Fv2%2Fpages%2F94#wpcf7-f90-o1\" method=\"post\" class=\"wpcf7-form init\" aria-label=\"Kontaktformular\" enctype=\"multipart\/form-data\" novalidate=\"novalidate\" data-status=\"init\">\n<fieldset class=\"hidden-fields-container\"><input type=\"hidden\" name=\"_wpcf7\" value=\"90\" \/><input type=\"hidden\" name=\"_wpcf7_version\" value=\"6.1.5\" \/><input type=\"hidden\" name=\"_wpcf7_locale\" value=\"de_DE\" \/><input type=\"hidden\" name=\"_wpcf7_unit_tag\" value=\"wpcf7-f90-o1\" \/><input type=\"hidden\" name=\"_wpcf7_container_post\" value=\"0\" \/><input type=\"hidden\" name=\"_wpcf7_posted_data_hash\" value=\"\" \/><input type=\"hidden\" name=\"_wpcf7_recaptcha_response\" value=\"\" \/>\n<\/fieldset>\n<p><label> Ihr Name (Pflichtfeld)<br \/>\n<span class=\"wpcf7-form-control-wrap\" data-name=\"your-name\"><input size=\"40\" maxlength=\"400\" class=\"wpcf7-form-control wpcf7-text wpcf7-validates-as-required\" aria-required=\"true\" aria-invalid=\"false\" value=\"\" type=\"text\" name=\"your-name\" \/><\/span> <\/label>\n<\/p>\n<p><label> Ihre E-Mail-Adresse<br \/>\n<span class=\"wpcf7-form-control-wrap\" data-name=\"your-email\"><input size=\"40\" maxlength=\"400\" class=\"wpcf7-form-control wpcf7-email wpcf7-text wpcf7-validates-as-email\" aria-invalid=\"false\" value=\"\" type=\"email\" name=\"your-email\" \/><\/span> <\/label>\n<\/p>\n<p><label> Ihre Telefonnummer (Pflichtfeld)<br \/>\n<span class=\"wpcf7-form-control-wrap\" data-name=\"tel-806\"><input size=\"40\" maxlength=\"400\" class=\"wpcf7-form-control wpcf7-tel wpcf7-validates-as-required wpcf7-text wpcf7-validates-as-tel\" aria-required=\"true\" aria-invalid=\"false\" placeholder=\"Ihre Telefonnummer\" value=\"\" type=\"tel\" name=\"tel-806\" \/><\/span><\/label>\n<\/p>\n<p><label> Ihr Immobilienangebot (Pflichtfeld)<br \/>\n<span class=\"wpcf7-form-control-wrap\" data-name=\"your-message\"><textarea cols=\"40\" rows=\"10\" maxlength=\"2000\" class=\"wpcf7-form-control wpcf7-textarea wpcf7-validates-as-required\" aria-required=\"true\" aria-invalid=\"false\" placeholder=\"Bitte beschreiben Sie uns ihr Immobilienangebot mit kurzen Stichpunkten. Zum Beispiel k\u00f6nnen Sie uns Informationen geben zu der Adresse, der gesamten Wohnfl\u00e4che, der Grundst\u00fccksgr\u00f6\u00dfe, der aktuellen Nettojahresmiete sowie zur Kaufpreisvorstellung; Gerne k\u00f6nnen Sie auch einige Fotos der Immobilie an die Nachricht anh\u00e4ngen\" name=\"your-message\"><\/textarea><\/span> <\/label>\n<\/p>\n<p><label> Anhang<br \/>\n<span class=\"wpcf7-form-control-wrap\" data-name=\"Anhang\"><input size=\"40\" class=\"wpcf7-form-control wpcf7-file\" accept=\".pdf,.jpg,.jpeg,.png,.docx,.doc\" aria-invalid=\"false\" type=\"file\" name=\"Anhang\" \/><\/span> <\/label>\n<\/p>\n<p><input class=\"wpcf7-form-control wpcf7-submit has-spinner\" type=\"submit\" value=\"Absenden\" \/>\n<\/p><div class=\"wpcf7-response-output\" aria-hidden=\"true\"><\/div>\n<\/form>\n<\/div>\n<\/div>\n\n\n\n<p><\/p>\n\n\n\n<h1 class=\"wp-block-heading\">Wir freuen uns auf Sie!<\/h1>\n\n\n\n<p><\/p>\n","protected":false},"excerpt":{"rendered":"<p>Sie haben von einem Mehrfamilienhaus geh\u00f6rt, dass zum Verkauf steht? Sie m\u00f6chten aber nicht selbst investieren? Dann geben Sie uns gerne einen Hinweis! F\u00fcr jeden erfolgreichen Immobilien-Tipp, erhalten Sie eine [&hellip;]<\/p>\n","protected":false},"author":1,"featured_media":0,"parent":0,"menu_order":0,"comment_status":"closed","ping_status":"closed","template":"","meta":{"footnotes":""},"class_list":["post-94","page","type-page","status-publish","hentry"],"blocksy_meta":{"styles_descriptor":{"styles":{"desktop":"","tablet":"","mobile":""},"google_fonts":[],"version":6}},"_links":{"self":[{"href":"https:\/\/immobilienankauf-muensterland.de\/index.php?rest_route=\/wp\/v2\/pages\/94","targetHints":{"allow":["GET"]}}],"collection":[{"href":"https:\/\/immobilienankauf-muensterland.de\/index.php?rest_route=\/wp\/v2\/pages"}],"about":[{"href":"https:\/\/immobilienankauf-muensterland.de\/index.php?rest_route=\/wp\/v2\/types\/page"}],"author":[{"embeddable":true,"href":"https:\/\/immobilienankauf-muensterland.de\/index.php?rest_route=\/wp\/v2\/users\/1"}],"replies":[{"embeddable":true,"href":"https:\/\/immobilienankauf-muensterland.de\/index.php?rest_route=%2Fwp%2Fv2%2Fcomments&post=94"}],"version-history":[{"count":24,"href":"https:\/\/immobilienankauf-muensterland.de\/index.php?rest_route=\/wp\/v2\/pages\/94\/revisions"}],"predecessor-version":[{"id":478,"href":"https:\/\/immobilienankauf-muensterland.de\/index.php?rest_route=\/wp\/v2\/pages\/94\/revisions\/478"}],"wp:attachment":[{"href":"https:\/\/immobilienankauf-muensterland.de\/index.php?rest_route=%2Fwp%2Fv2%2Fmedia&parent=94"}],"curies":[{"name":"wp","href":"https:\/\/api.w.org\/{rel}","templated":true}]}}